{"id":68,"date":"2018-11-29T12:16:44","date_gmt":"2018-11-29T11:16:44","guid":{"rendered":"https:\/\/www.viverosfranco.com\/product\/import-placeholder-for-242\/"},"modified":"2018-11-29T16:17:29","modified_gmt":"2018-11-29T15:17:29","slug":"abies-concolor","status":"publish","type":"product","link":"https:\/\/www.viverosfranco.com\/viveros-franco\/producto\/abies-concolor\/","title":{"rendered":"Abies concolor"},"content":{"rendered":"","protected":false},"excerpt":{"rendered":"<p>Abies concolor subesp. concolor. Es un \u00e1rbol m\u00e1s peque\u00f1o, de 25 a 35 m de altura, raramente 45 m. Follaje fuertemente curvado hacia arriba a erecto, salvo las ramas en sombras en la corona inferior; hojas mayormente de 3,5 a 6 cm, fuertemente glaucas en el haz, con numerosos estomas. Tolera inviernos con temperaturas bajo de -40 \u00b0C.<\/p>\n<table class=\"features-table\" width=\"117%\">\n<thead>\n<tr>\n<td width=\"42%\">Plantas Con\u00edferas<\/td>\n<td width=\"16%\">Tama\u00f1o<\/td>\n<td width=\"15%\"><\/td>\n<td width=\"13%\">Presentaci\u00f3n<\/td>\n<\/tr>\n<\/thead>\n<\/table>\n<table class=\"features-table\" width=\"117%\">\n<tbody>\n<tr>\n<td>Abbies con color<\/td>\n<td>150\/170<\/td>\n<td>m. alto<\/td>\n<td width=\"13%\">cepe<\/td>\n<\/tr>\n<tr>\n<td>Abbies con color<\/td>\n<td>mayores<\/td>\n<td>consultar<\/td>\n<\/tr>\n<\/tbody>\n<\/table>\n<p>&nbsp;<\/p>\n<p>&nbsp;<\/p>\n","protected":false},"featured_media":86,"template":"","meta":[],"product_cat":[19],"product_tag":[],"_links":{"self":[{"href":"https:\/\/www.viverosfranco.com\/viveros-franco\/wp-json\/wp\/v3\/product\/68"}],"collection":[{"href":"https:\/\/www.viverosfranco.com\/viveros-franco\/wp-json\/wp\/v3\/product"}],"about":[{"href":"https:\/\/www.viverosfranco.com\/viveros-franco\/wp-json\/wp\/v2\/types\/product"}],"version-history":[{"count":0,"href":"https:\/\/www.viverosfranco.com\/viveros-franco\/wp-json\/wp\/v3\/product\/68\/revisions"}],"wp:featuredmedia":[{"embeddable":true,"href":"https:\/\/www.viverosfranco.com\/viveros-franco\/wp-json\/wp\/v2\/media\/86"}],"wp:attachment":[{"href":"https:\/\/www.viverosfranco.com\/viveros-franco\/wp-json\/wp\/v2\/media?parent=68"}],"wp:term":[{"taxonomy":"product_cat","embeddable":true,"href":"https:\/\/www.viverosfranco.com\/viveros-franco\/wp-json\/wp\/v2\/product_cat?post=68"},{"taxonomy":"product_tag","embeddable":true,"href":"https:\/\/www.viverosfranco.com\/viveros-franco\/wp-json\/wp\/v2\/product_tag?post=68"}],"curies":[{"name":"wp","href":"https:\/\/api.w.org\/{rel}","templated":true}]}}

<p>Abies concolor subesp. concolor. Es un árbol más pequeño, de 25 a 35 m de altura, raramente 45 m. Follaje fuertemente curvado hacia arriba a erecto, salvo las ramas en sombras en la corona inferior; hojas mayormente de 3,5 a 6 cm, fuertemente glaucas en el haz, con numerosos estomas. Tolera inviernos con temperaturas bajo de -40 °C.</p>
<table class="features-table" width="117%">
<thead>
<tr>
<td width="42%">Plantas Coníferas</td>
<td width="16%">Tamaño</td>
<td width="15%"></td>
<td width="13%">Presentación</td>
</tr>
</thead>
</table>
<table class="features-table" width="117%">
<tbody>
<tr>
<td>Abbies con color</td>
<td>150/170</td>
<td>m. alto</td>
<td width="13%">cepe</td>
</tr>
<tr>
<td>Abbies con color</td>
<td>mayores</td>
<td>consultar</td>
</tr>
</tbody>
</table>
<p>&nbsp;</p>
<p>&nbsp;</p>
