{"id":222,"date":"2018-11-30T16:12:46","date_gmt":"2018-11-30T15:12:46","guid":{"rendered":"https:\/\/www.viverosfranco.com\/?post_type=product&#038;p=222"},"modified":"2018-11-30T16:12:48","modified_gmt":"2018-11-30T15:12:48","slug":"pseudotsuga-pinus-oregon","status":"publish","type":"product","link":"https:\/\/www.viverosfranco.com\/viveros-franco\/producto\/pseudotsuga-pinus-oregon\/","title":{"rendered":"Pseudotsuga (Pinus Oreg\u00f3n)"},"content":{"rendered":"","protected":false},"excerpt":{"rendered":"<p>Esta con\u00edfera es la tercera m\u00e1s alta del mundo (despu\u00e9s de la secuoya roja y la secoya gigante respectivamente). Los \u00e1rboles de 60 a 75 metros, con di\u00e1metros de tronco de 1,5 a 2 m son corrientes en los bosques primarios, se han documentado alturas m\u00e1ximas de 100-120 m y m\u00e1s de 4,5 a 6 m de di\u00e1metro.4\u200b Puede vivir m\u00e1s de quinientos a\u00f1os y en ocasiones m\u00e1s de mil.<\/p>\n<p>Presentaci\u00f3n:<\/p>\n<table width=\"516\">\n<tbody>\n<tr>\n<td width=\"267\">Pseudotsuga (Pinus Oreg\u00f3n)<\/td>\n<td width=\"79\"><\/td>\n<td width=\"90\"><\/td>\n<td width=\"80\">cepe<\/td>\n<\/tr>\n<tr>\n<td>Pseudotsuga (Pinus Oreg\u00f3n)<\/td>\n<td><\/td>\n<td>10-30<\/td>\n<td>R\/D<\/td>\n<\/tr>\n<tr>\n<td>Pseudotsuga (Pinus Oreg\u00f3n)<\/td>\n<td><\/td>\n<td>20\/40<\/td>\n<td>R\/D<\/td>\n<\/tr>\n<\/tbody>\n<\/table>\n","protected":false},"featured_media":223,"template":"","meta":[],"product_cat":[20],"product_tag":[],"_links":{"self":[{"href":"https:\/\/www.viverosfranco.com\/viveros-franco\/wp-json\/wp\/v3\/product\/222"}],"collection":[{"href":"https:\/\/www.viverosfranco.com\/viveros-franco\/wp-json\/wp\/v3\/product"}],"about":[{"href":"https:\/\/www.viverosfranco.com\/viveros-franco\/wp-json\/wp\/v2\/types\/product"}],"version-history":[{"count":0,"href":"https:\/\/www.viverosfranco.com\/viveros-franco\/wp-json\/wp\/v3\/product\/222\/revisions"}],"wp:featuredmedia":[{"embeddable":true,"href":"https:\/\/www.viverosfranco.com\/viveros-franco\/wp-json\/wp\/v2\/media\/223"}],"wp:attachment":[{"href":"https:\/\/www.viverosfranco.com\/viveros-franco\/wp-json\/wp\/v2\/media?parent=222"}],"wp:term":[{"taxonomy":"product_cat","embeddable":true,"href":"https:\/\/www.viverosfranco.com\/viveros-franco\/wp-json\/wp\/v2\/product_cat?post=222"},{"taxonomy":"product_tag","embeddable":true,"href":"https:\/\/www.viverosfranco.com\/viveros-franco\/wp-json\/wp\/v2\/product_tag?post=222"}],"curies":[{"name":"wp","href":"https:\/\/api.w.org\/{rel}","templated":true}]}}