{"id":200,"date":"2018-11-30T14:44:20","date_gmt":"2018-11-30T13:44:20","guid":{"rendered":"https:\/\/www.viverosfranco.com\/?post_type=product&#038;p=200"},"modified":"2018-11-30T14:44:51","modified_gmt":"2018-11-30T13:44:51","slug":"pinus-sylvestris","status":"publish","type":"product","link":"https:\/\/www.viverosfranco.com\/viveros-franco\/producto\/pinus-sylvestris\/","title":{"rendered":"Pinus sylvestris"},"content":{"rendered":"","protected":false},"excerpt":{"rendered":"<p>El pino silvestre (Pinus sylvestris), tambi\u00e9n conocido como pino de Valsa\u00edn, pino serrano, pino albar, pino del Norte, pino rojo o pino bermejo,\u200b es una especie arb\u00f3rea que pertenece a la familia Pinacea, g\u00e9nero Pinus. Esta con\u00edfera, que puede alcanzar los 30 metros de altura, crece en el norte de Eurasia. Las referencias al color rojo o bermejo se debe a su corteza, de un rojo subido en la parte alta del tronco, y pardorrojiza en la parte inferior.<\/p>\n<p><strong>Presentaci\u00f3n:<\/strong><\/p>\n<table width=\"516\">\n<tbody>\n<tr>\n<td width=\"267\">Pinus Sylvestris<\/td>\n<td width=\"79\">75\/100<\/td>\n<td width=\"90\">m. alto<\/td>\n<td width=\"80\">C-19<\/td>\n<\/tr>\n<tr>\n<td>Pinus Sylvestris<\/td>\n<td>100\/150<\/td>\n<td>m. alto<\/td>\n<td>C-30<\/td>\n<\/tr>\n<\/tbody>\n<\/table>\n","protected":false},"featured_media":202,"template":"","meta":[],"product_cat":[19],"product_tag":[],"_links":{"self":[{"href":"https:\/\/www.viverosfranco.com\/viveros-franco\/wp-json\/wp\/v3\/product\/200"}],"collection":[{"href":"https:\/\/www.viverosfranco.com\/viveros-franco\/wp-json\/wp\/v3\/product"}],"about":[{"href":"https:\/\/www.viverosfranco.com\/viveros-franco\/wp-json\/wp\/v2\/types\/product"}],"version-history":[{"count":0,"href":"https:\/\/www.viverosfranco.com\/viveros-franco\/wp-json\/wp\/v3\/product\/200\/revisions"}],"wp:featuredmedia":[{"embeddable":true,"href":"https:\/\/www.viverosfranco.com\/viveros-franco\/wp-json\/wp\/v2\/media\/202"}],"wp:attachment":[{"href":"https:\/\/www.viverosfranco.com\/viveros-franco\/wp-json\/wp\/v2\/media?parent=200"}],"wp:term":[{"taxonomy":"product_cat","embeddable":true,"href":"https:\/\/www.viverosfranco.com\/viveros-franco\/wp-json\/wp\/v2\/product_cat?post=200"},{"taxonomy":"product_tag","embeddable":true,"href":"https:\/\/www.viverosfranco.com\/viveros-franco\/wp-json\/wp\/v2\/product_tag?post=200"}],"curies":[{"name":"wp","href":"https:\/\/api.w.org\/{rel}","templated":true}]}}