{"id":183,"date":"2018-11-30T11:22:01","date_gmt":"2018-11-30T10:22:01","guid":{"rendered":"https:\/\/www.viverosfranco.com\/?post_type=product&#038;p=183"},"modified":"2023-01-10T15:13:41","modified_gmt":"2023-01-10T14:13:41","slug":"picea-pungens-hoopsii","status":"publish","type":"product","link":"https:\/\/www.viverosfranco.com\/viveros-franco\/producto\/picea-pungens-hoopsii\/","title":{"rendered":"Picea pungens hoopsii"},"content":{"rendered":"","protected":false},"excerpt":{"rendered":"<p>Picea pungens, la p\u00edcea de Colorado o p\u00edcea azul, es una especie de gimnosperma perennifolia, monoica, originaria de las Monta\u00f1as Rocosas de los Estados Unidos. Picea pungens f. glauca o Picea pungens var. glauca es la &#8220;P\u00edcea azul del Colorado&#8221;.\u00a0El\u00a0<strong>abeto azul<\/strong>\u00a0o\u00a0<em>picea pungens hoopsii<\/em>\u00a0es una variedad de abeto muy decorativo por el color azulado que tiene. Adem\u00e1s, es un abeto que cada d\u00eda se utiliza m\u00e1s en Navidad.<\/p>\n<p><strong>Presentaci\u00f3n:<\/strong><\/p>\n<table width=\"516\">\n<tbody>\n<tr>\n<td width=\"267\">Picea Pungens Hoopsii<\/td>\n<td width=\"79\">60\/70<\/td>\n<td width=\"90\">m. alto<\/td>\n<td width=\"80\">C-40<\/td>\n<\/tr>\n<tr>\n<td>Picea Pungens Hoopsii<\/td>\n<td>80\/100<\/td>\n<td>m. alto<\/td>\n<td>C-30<\/td>\n<\/tr>\n<tr>\n<td>Picea Pungens Hoopsii<\/td>\n<td>100\/125<\/td>\n<td>m. alto<\/td>\n<td>C-30<\/td>\n<\/tr>\n<tr>\n<td>Picea Pungens Hoopsii<\/td>\n<td>100\/200<\/td>\n<td>m. alto<\/td>\n<td>C-80<\/td>\n<\/tr>\n<\/tbody>\n<\/table>\n","protected":false},"featured_media":679,"template":"","meta":[],"product_cat":[19],"product_tag":[],"_links":{"self":[{"href":"https:\/\/www.viverosfranco.com\/viveros-franco\/wp-json\/wp\/v3\/product\/183"}],"collection":[{"href":"https:\/\/www.viverosfranco.com\/viveros-franco\/wp-json\/wp\/v3\/product"}],"about":[{"href":"https:\/\/www.viverosfranco.com\/viveros-franco\/wp-json\/wp\/v2\/types\/product"}],"version-history":[{"count":0,"href":"https:\/\/www.viverosfranco.com\/viveros-franco\/wp-json\/wp\/v3\/product\/183\/revisions"}],"wp:featuredmedia":[{"embeddable":true,"href":"https:\/\/www.viverosfranco.com\/viveros-franco\/wp-json\/wp\/v2\/media\/679"}],"wp:attachment":[{"href":"https:\/\/www.viverosfranco.com\/viveros-franco\/wp-json\/wp\/v2\/media?parent=183"}],"wp:term":[{"taxonomy":"product_cat","embeddable":true,"href":"https:\/\/www.viverosfranco.com\/viveros-franco\/wp-json\/wp\/v2\/product_cat?post=183"},{"taxonomy":"product_tag","embeddable":true,"href":"https:\/\/www.viverosfranco.com\/viveros-franco\/wp-json\/wp\/v2\/product_tag?post=183"}],"curies":[{"name":"wp","href":"https:\/\/api.w.org\/{rel}","templated":true}]}}