{"id":151,"date":"2018-11-29T18:05:36","date_gmt":"2018-11-29T17:05:36","guid":{"rendered":"https:\/\/www.viverosfranco.com\/?post_type=product&#038;p=151"},"modified":"2018-11-29T18:05:37","modified_gmt":"2018-11-29T17:05:37","slug":"taxus-baccata-tejo","status":"publish","type":"product","link":"https:\/\/www.viverosfranco.com\/viveros-franco\/producto\/taxus-baccata-tejo\/","title":{"rendered":"Taxus Baccata (Tejo)"},"content":{"rendered":"","protected":false},"excerpt":{"rendered":"<p>Es una con\u00edfera que puede crecer hasta 10-20 m (excepcionalmente, 28 m). Tiene un tronco marr\u00f3n grueso que puede llegar a los 4 m de di\u00e1metro. Su crecimiento es lento y con una longevidad de hasta 5000 a\u00f1os.2\u200b Las hojas, lanceoladas, delgadas y de tono verde oscuro, miden 1-4 cm de largo por 2-3 mm de ancho y se agrupan en espiral sobre la rama.<\/p>\n<p><strong>Presentaci\u00f3n:<\/strong><\/p>\n<table width=\"581\">\n<tbody>\n<tr>\n<td width=\"283\">Taxus Baccata (Tejo)<\/td>\n<td width=\"128\">40\/60<\/td>\n<td width=\"90\">m. alto<\/td>\n<td width=\"80\">C-20<\/td>\n<\/tr>\n<tr>\n<td>Taxus Baccata (Tejo)<\/td>\n<td>75\/100<\/td>\n<td>m. alto<\/td>\n<td>cepe<\/td>\n<\/tr>\n<tr>\n<td>Taxus Baccata (Tejo)<\/td>\n<td>100\/125<\/td>\n<td>m. alto<\/td>\n<td>cepe<\/td>\n<\/tr>\n<tr>\n<td>Taxus Baccata (Tejo)<\/td>\n<td>150\/175<\/td>\n<td>m. alto<\/td>\n<td>cepe<\/td>\n<\/tr>\n<tr>\n<td>Taxus Baccata (Tejo)<\/td>\n<td>bola 1\/2 copa<\/td>\n<td><\/td>\n<td><\/td>\n<\/tr>\n<\/tbody>\n<\/table>\n","protected":false},"featured_media":152,"template":"","meta":[],"product_cat":[19],"product_tag":[],"_links":{"self":[{"href":"https:\/\/www.viverosfranco.com\/viveros-franco\/wp-json\/wp\/v3\/product\/151"}],"collection":[{"href":"https:\/\/www.viverosfranco.com\/viveros-franco\/wp-json\/wp\/v3\/product"}],"about":[{"href":"https:\/\/www.viverosfranco.com\/viveros-franco\/wp-json\/wp\/v2\/types\/product"}],"version-history":[{"count":0,"href":"https:\/\/www.viverosfranco.com\/viveros-franco\/wp-json\/wp\/v3\/product\/151\/revisions"}],"wp:featuredmedia":[{"embeddable":true,"href":"https:\/\/www.viverosfranco.com\/viveros-franco\/wp-json\/wp\/v2\/media\/152"}],"wp:attachment":[{"href":"https:\/\/www.viverosfranco.com\/viveros-franco\/wp-json\/wp\/v2\/media?parent=151"}],"wp:term":[{"taxonomy":"product_cat","embeddable":true,"href":"https:\/\/www.viverosfranco.com\/viveros-franco\/wp-json\/wp\/v2\/product_cat?post=151"},{"taxonomy":"product_tag","embeddable":true,"href":"https:\/\/www.viverosfranco.com\/viveros-franco\/wp-json\/wp\/v2\/product_tag?post=151"}],"curies":[{"name":"wp","href":"https:\/\/api.w.org\/{rel}","templated":true}]}}