{"id":100,"date":"2018-11-29T12:26:16","date_gmt":"2018-11-29T11:26:16","guid":{"rendered":"https:\/\/www.viverosfranco.com\/?page_id=100"},"modified":"2023-04-05T11:26:56","modified_gmt":"2023-04-05T09:26:56","slug":"politica-de-privacidad","status":"publish","type":"page","link":"https:\/\/www.viverosfranco.com\/viveros-franco\/politica-de-privacidad\/","title":{"rendered":"POL\u00cdTICA DE PRIVACIDAD"},"content":{"rendered":"\t\t<div data-elementor-type=\"wp-page\" data-elementor-id=\"100\" class=\"elementor elementor-100\">\n\t\t\t\t\t\t\t\t\t<section class=\"elementor-section elementor-top-section elementor-element elementor-element-6850dfd2 elementor-section-boxed elementor-section-height-default elementor-section-height-default\" data-id=\"6850dfd2\" data-element_type=\"section\">\n\t\t\t\t\t\t<div class=\"elementor-container elementor-column-gap-default\">\n\t\t\t\t\t<div class=\"elementor-column elementor-col-100 elementor-top-column elementor-element elementor-element-6ad23345\" data-id=\"6ad23345\" data-element_type=\"column\">\n\t\t\t<div class=\"elementor-widget-wrap elementor-element-populated\">\n\t\t\t\t\t\t\t\t<div class=\"elementor-element elementor-element-4d6d8b9 elementor-widget elementor-widget-text-editor\" data-id=\"4d6d8b9\" data-element_type=\"widget\" data-widget_type=\"text-editor.default\">\n\t\t\t\t<div class=\"elementor-widget-container\">\n\t\t\t<style>\/*! elementor - v3.11.5 - 14-03-2023 *\/\n.elementor-widget-text-editor.elementor-drop-cap-view-stacked .elementor-drop-cap{background-color:#818a91;color:#fff}.elementor-widget-text-editor.elementor-drop-cap-view-framed .elementor-drop-cap{color:#818a91;border:3px solid;background-color:transparent}.elementor-widget-text-editor:not(.elementor-drop-cap-view-default) .elementor-drop-cap{margin-top:8px}.elementor-widget-text-editor:not(.elementor-drop-cap-view-default) .elementor-drop-cap-letter{width:1em;height:1em}.elementor-widget-text-editor .elementor-drop-cap{float:left;text-align:center;line-height:1;font-size:50px}.elementor-widget-text-editor .elementor-drop-cap-letter{display:inline-block}<\/style>\t\t\t\t<h2>Aviso Legal<\/h2><p><b>\u00bfQui\u00e9n es el Responsable?<\/b><\/p><div class=\"wpb_text_column wpb_content_element \"><div class=\"wpb_wrapper\"><div class=\"page\" title=\"Page 1\"><div class=\"layoutArea\"><div class=\"column\"><p>Antonio Alvari\u00f1o, S.L. &#8211; Lg\/ A Gra\u00f1a, s\/n &#8211; 27379 ABAD\u00cdN (Lugo) NIF: B27369636. Inscrita en el Registro Mercantil N\u00ba 2 de Lugo, al tomo 400, Libro 0, Folio 179. (a continuaci\u00f3n Viveros Franco)<br \/>Direcci\u00f3n de correo electr\u00f3nico: info@viverosfranco.com<\/p><h3 data-fontsize=\"24\" data-lineheight=\"26\"><b>\u00bfC\u00f3mo obtenemos tus datos personales?<\/b><\/h3><p>Los habr\u00e1s proporcionado directamente o habremos accedido a los mismos a ra\u00edz de tus consultas o solicitudes en la web.<\/p><h3 data-fontsize=\"24\" data-lineheight=\"26\"><b>\u00bfCon que\u0301 finalidad tratamos sus datos personales?<\/b><\/h3><p>En Viveros Franco tratamos tus datos de identificaci\u00f3n y contacto con la finalidad de atender tu solicitud de informaci\u00f3n sobre nuestra empresa<\/p><p>Para efectuar otros tratamientos distintos a los anteriores puede ser necesario obtener tu consentimiento expreso en cuyo caso ser\u00e1s informado de ello, con claridad y detalle, en el momento en que sea preciso obtenerlo, pudiendo denegarlo en ese momento, o revocarlo, con posterioridad y en cualquier momento, sin car\u00e1cter retroactivo.<\/p><h3 data-fontsize=\"24\" data-lineheight=\"26\"><b>\u00bfCual es el plazo de conservacio\u0301n de sus datos?<\/b><\/h3><p>Conservaremos tus datos mientras se mantenga la finalidad para la que han sido recabados. Cuando ya no sea necesario para tal fin, mantendremos bloqueados aquellos datos que puedan resultar necesarios durante los plazos legalmente establecidos para atender cualquier cuesti\u00f3n relativa a su tratamiento, hasta un m\u00e1ximo de 10 a\u00f1os con car\u00e1cter general por las obligaciones en materia de capitales. Transcurridos los plazos legales, se suprimir\u00e1n los datos personales adoptando las medidas de seguridad adecuadas que garanticen la destrucci\u00f3n total de los mismos.<\/p><h3 data-fontsize=\"24\" data-lineheight=\"26\"><b>\u00bfCual es la legitimacio\u0301n para el tratamiento de sus datos?<\/b><\/h3><p>El tratamiento de los datos personales est\u00e1n basados en el consentimiento que se solicita.<\/p><p>La negativa al tratamiento de sus datos llevari\u0301a aparejada la imposibilidad de la prestacio\u0301n del servicio.<\/p><h3 data-fontsize=\"24\" data-lineheight=\"26\"><b>\u00bfA que\u0301 destinatarios se comunicara\u0301n sus datos?<\/b><\/h3><p>Tus datos no ser\u00e1n cedidos a terceros salvo por excepci\u00f3n legal y salvo a proveedores de servicios cuya actividad es necesaria para cumplir con las obligaciones contractuales que hayamos asumido contigo y, en todo caso, de conformidad con los requisitos de seguridad establecidos legalmente. En cualquier caso te garantizamos que el acceso de los mismos a los datos ser\u00e1 el imprescindible para los fines encargados por Viveros Franco<\/p><h3 data-fontsize=\"24\" data-lineheight=\"26\"><b>\u00bfCua\u0301les son sus derechos cuando nos facilita sus datos?<\/b><\/h3><p>Junto al derecho a ser informado de la forma en la que lo estamos haciendo en esta cl\u00e1usula, tienes los siguientes derechos:<\/p><p>\u2013 Derecho de acceso para conocer qu\u00e9 datos tuyos est\u00e1n siendo tratados, con qu\u00e9 finalidades, el origen de los mismos y si los comunicamos o hemos comunicado a terceros;<\/p><p>\u2013 Derecho de modificaci\u00f3n de tus datos cuando los mismos est\u00e9n incompletos o sean inexactos;<\/p><p>\u2013 Derecho de supresi\u00f3n de tus datos si ha desaparecido el fin para el que los facilitaste, el tratamiento no es l\u00edcito, o revoca su consentimiento y dem\u00e1s supuestos previstos en la ley;<\/p><p>\u2013 Derecho a la portabilidad para recibir tus datos en un formato electr\u00f3nico estructurado y de uso habitual y poder transmitirlos a otro responsable;<\/p><p>Para el ejercicio de cualquiera de estos derechos puedes dirigirte por escrito a la direcci\u00f3n postal arriba indicada o enviar un email al correo arriba indicado. Asimismo te informamos de tu derecho a presentar una reclamaci\u00f3n a trav\u00e9s del e-mail info@viverosfranco.com o ante la Agencia de Protecci\u00f3n de Datos (www.agdp.es) si entiendes que no has obtenido satisfacci\u00f3n en el ejercicio de tus derechos.<\/p><p>Para mayor informaci\u00f3n y detalle sobre Protecci\u00f3n de Datos no dejes de consultar el Aviso Legal y nuestra Informaci\u00f3n de Protecci\u00f3n de Datos de nuestra p\u00e1gina web.<\/p><\/div><\/div><\/div><\/div><\/div><div class=\"vc_separator wpb_content_element vc_separator_align_center vc_sep_width_100 vc_sep_pos_align_center vc_separator_no_text vc_sep_color_grey\">\u00a0<\/div><div class=\"wpb_text_column wpb_content_element \"><div class=\"wpb_wrapper\"><div class=\"page\" title=\"Page 1\"><table><colgroup> <col \/> <col \/><\/colgroup><tbody><tr><td colspan=\"2\"><div class=\"layoutArea\"><div class=\"column\"><p><strong>INFORMACIO\u0301N BA\u0301SICA SOBRE PROTECCIO\u0301N DE DATOS<\/strong><\/p><\/div><\/div><\/td><\/tr><tr><td><div class=\"layoutArea\"><div class=\"column\"><p><strong>Responsable<\/strong><\/p><\/div><\/div><\/td><td><div class=\"layoutArea\"><div class=\"column\"><p>Antonio Alvari\u00f1o<\/p><\/div><\/div><\/td><\/tr><tr><td><div class=\"layoutArea\"><div class=\"column\"><p><strong>Finalidad<\/strong><\/p><\/div><\/div><\/td><td><div class=\"layoutArea\"><div class=\"column\"><p>\u00a0Informaci\u00f3n comercial a clientes potenciales.<\/p><\/div><\/div><\/td><\/tr><tr><td><div class=\"layoutArea\"><div class=\"column\"><p><strong>Legitimacio\u0301n<\/strong><\/p><\/div><\/div><\/td><td><div class=\"layoutArea\"><div class=\"column\"><p>Consentimiento del cliente<\/p><\/div><\/div><\/td><\/tr><tr><td><div class=\"layoutArea\"><div class=\"column\"><p><strong>Destinatarios<\/strong><\/p><\/div><\/div><\/td><td><div class=\"layoutArea\"><div class=\"column\"><p>No se cedera\u0301n datos a terceros, salvo obligacio\u0301n legal.<\/p><\/div><\/div><\/td><\/tr><tr><td><div class=\"layoutArea\"><div class=\"column\"><p><strong>Derechos<\/strong><\/p><\/div><\/div><\/td><td><div class=\"layoutArea\"><div class=\"column\"><p>Accede, rectificar y suprimir los datos, asi\u0301 como otros derechos, como se explica en la informacio\u0301n adicional<\/p><\/div><\/div><\/td><\/tr><tr><td><div class=\"layoutArea\"><div class=\"column\"><p><strong>Informacio\u0301n-Adicional<\/strong><\/p><\/div><\/div><\/td><td><div class=\"layoutArea\"><div class=\"column\"><p>Puede consultar la informacio\u0301n adicional y detallada sobre Proteccio\u0301n de Datos en nuestra web.<\/p><\/div><\/div><\/td><\/tr><\/tbody><\/table><\/div><\/div><\/div>\t\t\t\t\t\t<\/div>\n\t\t\t\t<\/div>\n\t\t\t\t\t<\/div>\n\t\t<\/div>\n\t\t\t\t\t\t\t<\/div>\n\t\t<\/section>\n\t\t\t\t\t\t\t<\/div>\n\t\t","protected":false},"excerpt":{"rendered":"<p>Aviso Legal \u00bfQui\u00e9n es el Responsable? Antonio Alvari\u00f1o, S.L. &#8211; Lg\/ A Gra\u00f1a, s\/n &#8211; 27379 ABAD\u00cdN (Lugo) NIF: B27369636. Inscrita en el Registro Mercantil N\u00ba 2 de Lugo, al tomo 400, Libro 0, Folio 179. (a continuaci\u00f3n Viveros Franco)Direcci\u00f3n de correo electr\u00f3nico: info@viverosfranco.com \u00bfC\u00f3mo obtenemos tus datos personales? Los habr\u00e1s proporcionado directamente o habremos [&hellip;]<\/p>\n","protected":false},"author":1,"featured_media":0,"parent":0,"menu_order":0,"comment_status":"closed","ping_status":"closed","template":"","meta":[],"_links":{"self":[{"href":"https:\/\/www.viverosfranco.com\/viveros-franco\/wp-json\/wp\/v2\/pages\/100"}],"collection":[{"href":"https:\/\/www.viverosfranco.com\/viveros-franco\/wp-json\/wp\/v2\/pages"}],"about":[{"href":"https:\/\/www.viverosfranco.com\/viveros-franco\/wp-json\/wp\/v2\/types\/page"}],"author":[{"embeddable":true,"href":"https:\/\/www.viverosfranco.com\/viveros-franco\/wp-json\/wp\/v2\/users\/1"}],"replies":[{"embeddable":true,"href":"https:\/\/www.viverosfranco.com\/viveros-franco\/wp-json\/wp\/v2\/comments?post=100"}],"version-history":[{"count":7,"href":"https:\/\/www.viverosfranco.com\/viveros-franco\/wp-json\/wp\/v2\/pages\/100\/revisions"}],"predecessor-version":[{"id":30943,"href":"https:\/\/www.viverosfranco.com\/viveros-franco\/wp-json\/wp\/v2\/pages\/100\/revisions\/30943"}],"wp:attachment":[{"href":"https:\/\/www.viverosfranco.com\/viveros-franco\/wp-json\/wp\/v2\/media?parent=100"}],"curies":[{"name":"wp","href":"https:\/\/api.w.org\/{rel}","templated":true}]}}