{"id":192,"date":"2018-11-30T13:36:17","date_gmt":"2018-11-30T12:36:17","guid":{"rendered":"https:\/\/www.viverosfranco.com\/?post_type=product&#038;p=192"},"modified":"2018-12-11T17:24:31","modified_gmt":"2018-12-11T16:24:31","slug":"pinus-nigra","status":"publish","type":"product","link":"https:\/\/www.viverosfranco.com\/gl\/producto\/pinus-nigra\/","title":{"rendered":"Pinus nigra"},"content":{"rendered":"","protected":false},"excerpt":{"rendered":"<p>El pino salgare\u00f1o (Pinus nigra Arnold) es una especie arb\u00f3rea de la familia de las pin\u00e1ceas. Tambi\u00e9n se conoce como pino laricio y pino negral,\u200b aunque este nombre lo comparte con otras especies como el Pinus pinaster.<\/p>\n<p><strong>Presentaci\u00f3n:<\/strong><\/p>\n<table width=\"516\">\n<tbody>\n<tr>\n<td width=\"267\">Pinus Nigra Laricio<\/td>\n<td width=\"79\">100\/150<\/td>\n<td width=\"90\">m. alto<\/td>\n<td width=\"80\">cepe<\/td>\n<\/tr>\n<\/tbody>\n<\/table>\n","protected":false},"featured_media":193,"template":"","meta":[],"product_cat":[19,29],"product_tag":[],"_links":{"self":[{"href":"https:\/\/www.viverosfranco.com\/gl\/wp-json\/wp\/v3\/product\/192"}],"collection":[{"href":"https:\/\/www.viverosfranco.com\/gl\/wp-json\/wp\/v3\/product"}],"about":[{"href":"https:\/\/www.viverosfranco.com\/gl\/wp-json\/wp\/v2\/types\/product"}],"version-history":[{"count":0,"href":"https:\/\/www.viverosfranco.com\/gl\/wp-json\/wp\/v3\/product\/192\/revisions"}],"wp:featuredmedia":[{"embeddable":true,"href":"https:\/\/www.viverosfranco.com\/gl\/wp-json\/wp\/v2\/media\/193"}],"wp:attachment":[{"href":"https:\/\/www.viverosfranco.com\/gl\/wp-json\/wp\/v2\/media?parent=192"}],"wp:term":[{"taxonomy":"product_cat","embeddable":true,"href":"https:\/\/www.viverosfranco.com\/gl\/wp-json\/wp\/v2\/product_cat?post=192"},{"taxonomy":"product_tag","embeddable":true,"href":"https:\/\/www.viverosfranco.com\/gl\/wp-json\/wp\/v2\/product_tag?post=192"}],"curies":[{"name":"wp","href":"https:\/\/api.w.org\/{rel}","templated":true}]}}

<p>El pino salgareño (Pinus nigra Arnold) es una especie arbórea de la familia de las pináceas. También se conoce como pino laricio y pino negral,​ aunque este nombre lo comparte con otras especies como el Pinus pinaster.</p>
<p><strong>Presentación:</strong></p>
<table width="516">
<tbody>
<tr>
<td width="267">Pinus Nigra Laricio</td>
<td width="79">100/150</td>
<td width="90">m. alto</td>
<td width="80">cepe</td>
</tr>
</tbody>
</table>
